272?
68
Calculate the greatest common factor of 32 and 328.
8
What is the greatest common divisor of 70 and 100?
10
What is the greatest common divisor of 583 and 424?
53
What is the highest common divisor of 128 and 44?
4
What is the highest common factor of 279 and 2697?
93
What is the greatest common divisor of 52 and 3716?
4
Calculate the highest common divisor of 420 and 168.
84
Calculate the highest common factor of 1705 and 465.
155
Calculate the highest common factor of 7 and 7.
7
Calculate the highest common divisor of 6897 and 57.
57
What is the greatest common factor of 96 and 48?
48
What is the highest common factor of 3838 and 4?
2
What is the highest common factor of 1197 and 12?
3
What is the greatest common divisor of 377 and 87?
29
What is the highest common factor of 10 and 45?
5
What is the greatest common divisor of 360 and 7080?
120
Calculate the highest common factor of 153 and 136.
17
What is the greatest common factor of 15 and 11535?
15
What is the highest common divisor of 754 and 783?
29
Calculate the greatest common divisor of 45 and 480.
15
What is the highest common divisor of 1746 and 36?
18
What is the highest common divisor of 2153 and 1?
1
Calculate the greatest common divisor of 90 and 126.
18
What is the greatest common divisor of 156 and 11232?
156
What is the greatest common divisor of 171 and 18?
9
Calculate the greatest common factor of 2041 and 52.
13
What is the highest common divisor of 1639 and 22?
11
What is the highest common divisor of 22 and 1562?
22
Calculate the highest common factor of 54 and 216.
54
Calculate the greatest common divisor of 39 and 95433.
39
What is the highest common divisor of 178 and 2047?
89
What is the highest common divisor of 5329 and 73?
73
Calculate the highest common divisor of 34 and 1292.
34
What is the highest common divisor of 1000 and 2050?
50
What is the highest common divisor of 72 and 408?
24
What is the greatest common divisor of 99 and 9933?
33
Calculate the greatest common divisor of 8 and 424.
8
What is the greatest common divisor of 252 and 140?
28
What is the highest common factor of 119 and 3315?
17
Calculate the greatest common divisor of 2588 and 4.
4
What is the greatest common divisor of 97 and 2425?
97
Calculate the greatest common factor of 76 and 4.
4
Calculate the highest common divisor of 159 and 901.
53
Calculate the greatest common factor of 150 and 400.
50
What is the highest common factor of 72 and 117?
9
Calculate the greatest common divisor of 1515 and 15.
15
What is the greatest common factor of 329 and 1175?
47
Calculate the highest common divisor of 910 and 1690.
130
What is the highest common factor of 106 and 2?
2
What is the highest common factor of 71 and 5751?
71
What is the highest common factor of 15 and 1695?
15
Calculate the greatest common factor of 33 and 2442.
33
Calculate the greatest common divisor of 21 and 12873.
21
What is the greatest common divisor of 869 and 979?
11
What is the greatest common divisor of 92 and 108?
4
What is the highest common factor of 224 and 256?
32
What is the highest common factor of 450 and 1200?
150
What is the highest common factor of 637 and 196?
49
What is the greatest common divisor of 20 and 40?
20
What is the highest common factor of 9832 and 24?
8
Calculate the highest common factor of 16 and 1024.
16
What is the greatest common factor of 279 and 9?
9
Calculate the highest common factor of 15 and 95.
5
What is the highest common divisor of 4 and 436?
4
What is the greatest common factor of 12305 and 115?
115
Calculate the greatest common factor of 165 and 627.
33
Calculate the highest common factor of 252 and 12726.
126
What is the highest common divisor of 16 and 656?
16
Calculate the greatest common factor of 72 and 18540.
36
Calculate the greatest common factor of 20445 and 141.
141
What is the highest common divisor of 6 and 27?
3
What is the greatest common divisor of 5080 and 40?
40
Calculate the highest common divisor of 781 and 11.
11
What is the highest common factor of 1072 and 4?
4
Calculate the highest common divisor of 35 and 95.
5
Calculate the highest common factor of 36 and 2790.
18
What is the greatest common factor of 132 and 363?
33
What is the greatest common factor of 30 and 2370?
30
What is the greatest common factor of 1092 and 36?
12
What is the highest common divisor of 7033 and 13?
13
What is the greatest common divisor of 23 and 115?
23
What is the highest common factor of 561 and 1155?
33
Calculate the highest common factor of 12 and 3072.
12
Calculate the highest common divisor of 30580 and 550.
110
Calculate the greatest common factor of 3 and 1986.
3
What is the highest common divisor of 517 and 94?
47
Calculate the highest common divisor of 76 and 22306.
38
Calculate the highest common factor of 282 and 39.
3
What is the greatest common factor of 114 and 608?
38
What is the greatest common factor of 278 and 17792?
278
Calculate the highest common divisor of 128 and 576.
64
Calculate the highest common factor of 111228 and 299.
299
What is the greatest common factor of 40 and 290?
10
Calculate the highest common factor of 37 and 703.
37
What is the highest common factor of 540 and 330?
30
What is the highest common factor of 21 and 609?
21
Calculate the highest common factor of 1464 and 42.
6
What is the highest common factor of 260 and 6344?
52
Calculate the greatest common divisor of 800 and 960.
160
What is the greatest common factor of 176 and 484?
44
Calculate the highest common divisor of 22407 and 194.
97
What is the greatest common divisor of 960 and 9480?
120
Calculate the highest common divisor of 40 and 685.
5
What is the highest common factor of 2 and 118?
2
Calculate the greatest common factor of 225 and 279.
9
Calculate the greatest common divisor of 27 and 36.
9
What is the highest common divisor of 21 and 161?
7
What is the greatest common factor of 12 and 405?
3
Calculate the greatest common factor of 4174 and 14.
2
What is the highest common divisor of 144 and 20592?
144
What is the highest common divisor of 11 and 20702?
11
What is the highest common factor of 78 and 18?
6
What is the highest common factor of 70091 and 217?
217
Calculate the highest common factor of 1824 and 32.
32
Calculate the greatest common divisor of 77 and 21.
7
Calculate the greatest common divisor of 1232 and 77.
77
Calculate the greatest common divisor of 24 and 4812.
12
Calculate the greatest common divisor of 9 and 3681.
9
What is the greatest common divisor of 493 and 87?
29
What is the greatest common divisor of 494 and 76?
38
Calculate the greatest common factor of 42 and 16996.
14
What is the greatest common divisor of 616 and 2376?
88
What is the highest common divisor of 66 and 1232?
22
What is the highest common factor of 45 and 30?
15
What is the greatest common divisor of 5 and 265?
5
What is the greatest common divisor of 76 and 4?
4
Calculate the highest common factor of 1701 and 21.
21
What is the greatest common divisor of 5 and 3830?
5
What is the greatest common factor of 7898 and 66?
22
Calculate the greatest common factor of 52 and 612.
4
Calculate the highest common factor of 1482 and 195.
39
What is the greatest common divisor of 10 and 4010?
10
What is the highest common factor of 553 and 7?
7
What is the greatest common factor of 572 and 52?
52
What is the highest common factor of 480 and 11616?
96
What is the greatest common factor of 276 and 207?
69
What is the greatest common divisor of 43 and 301?
43
Calculate the highest common factor of 1005 and 30.
15
Calculate the highest common divisor of 48 and 10944.
48
Calculate the greatest common divisor of 288 and 36.
36
Calculate the highest common divisor of 1135 and 9988.
227
What is the greatest common divisor of 96 and 11292?
12
Calculate the highest common divisor of 395 and 3871.
79
Calculate the greatest common factor of 9379 and 113.
113
Calculate the highest common divisor of 36930 and 60.
30
Calculate the greatest common divisor of 54 and 3456.
54
Calculate the greatest common factor of 68 and 36.
4
Calculate the greatest common divisor of 5292 and 108.
108
Calculate the greatest common divisor of 385 and 616.
77
What is the greatest common factor of 1500 and 75?
75
What is